07
List the prime factors of 689411.
689411
List the prime factors of 5231574.
2, 3, 19, 5099
List the prime factors of 2370083.
29, 81727
List the prime factors of 75616.
2, 17, 139
What are the prime factors of 41378?
2, 17, 1217
What are the prime factors of 8842839?
3, 17, 41, 4229
What are the prime factors of 4705631?
7, 647, 1039
What are the prime factors of 38817331?
7, 149, 37217
List the prime factors of 514373.
29, 17737
What are the prime factors of 1622511?
3, 11, 607
List the prime factors of 1770458.
2, 19, 46591
List the prime factors of 10523353.
31, 79, 4297
What are the prime factors of 4703607?
3, 522623
List the prime factors of 55750.
2, 5, 223
What are the prime factors of 2316435?
3, 5, 11, 101, 139
List the prime factors of 1892501.
13, 145577
What are the prime factors of 189135?
3, 5, 467
List the prime factors of 8848658.
2, 7, 13, 48619
List the prime factors of 16279978.
2, 11, 13, 56923
List the prime factors of 762826.
2, 381413
What are the prime factors of 6454393?
11, 53, 11071
What are the prime factors of 2739055?
5, 11, 49801
List the prime factors of 317432.
2, 39679
List the prime factors of 18734752.
2, 585461
What are the prime factors of 36904591?
103, 358297
List the prime factors of 2164986.
2, 3, 120277
What are the prime factors of 93650?
2, 5, 1873
What are the prime factors of 1841407?
61, 30187
List the prime factors of 6353487.
3, 7, 14407
What are the prime factors of 88139?
53, 1663
What are the prime factors of 33093905?
5, 13, 509137
List the prime factors of 15288639.
3, 5096213
What are the prime factors of 21536?
2, 673
What are the prime factors of 521330?
2, 5, 37, 1409
List the prime factors of 310700.
2, 5, 13, 239
List the prime factors of 555840.
2, 3, 5, 193
List the prime factors of 1875524.
2, 7, 1367
What are the prime factors of 2502334?
2, 727, 1721
What are the prime factors of 12667939?
12667939
List the prime factors of 1735067.
1735067
List the prime factors of 29974685.
5, 13, 19, 1867
What are the prime factors of 238827?
3, 79609
What are the prime factors of 26845?
5, 7, 13, 59
What are the prime factors of 4676187?
3, 1558729
What are the prime factors of 412629?
3, 7, 401
What are the prime factors of 4109443?
13, 283, 1117
List the prime factors of 97411.
29, 3359
What are the prime factors of 51847?
139, 373
List the prime factors of 3574737.
3, 73, 5441
List the prime factors of 249966.
2, 3, 1543
List the prime factors of 168430.
2, 5, 16843
List the prime factors of 277013.
11, 25183
List the prime factors of 1756165.
5, 23, 15271
List the prime factors of 815592.
2, 3, 17, 1999
What are the prime factors of 10762608?
2, 3, 224221
What are the prime factors of 2962303?
131, 22613
List the prime factors of 90279.
3, 7, 1433
List the prime factors of 212421.
3, 11, 41, 157
List the prime factors of 276115.
5, 7, 23
What are the prime factors of 752780?
2, 5, 7, 19, 283
List the prime factors of 646130.
2, 5, 64613
What are the prime factors of 3735398?
2, 103, 18133
What are the prime factors of 275032?
2, 31, 1109
List the prime factors of 19970.
2, 5, 1997
List the prime factors of 754352.
2, 47147
List the prime factors of 146511.
3, 73, 223
List the prime factors of 655804.
2, 19, 8629
What are the prime factors of 3454647?
3, 7, 71, 331
List the prime factors of 60169.
60169
What are the prime factors of 12909002?
2, 29, 131, 1699
What are the prime factors of 153495?
3, 5, 379
List the prime factors of 217688.
2, 27211
What are the prime factors of 2565373?
131, 19583
List the prime factors of 302018.
2, 151009
List the prime factors of 13640.
2, 5, 11, 31
List the prime factors of 2262409.
2262409
List the prime factors of 513101.
513101
List the prime factors of 5075758.
2, 17, 149287
What are the prime factors of 21130293?
3, 37, 41, 4643
List the prime factors of 4585834.
2, 11, 59, 3533
List the prime factors of 1451695.
5, 7, 19, 37, 59
What are the prime factors of 1128406?
2, 43, 13121
What are the prime factors of 4217249?
1979, 2131
What are the prime factors of 5485242?
2, 3, 7, 61, 2141
List the prime factors of 1341237.
3, 447079
List the prime factors of 2209456.
2, 17, 8123
What are the prime factors of 68937?
3, 11, 2089
What are the prime factors of 17071180?
2, 5, 7, 121937
List the prime factors of 1362045.
3, 5, 90803
What are the prime factors of 1360567?
13, 104659
What are the prime factors of 4506459?
3, 23, 241, 271
List the prime factors of 1805767.
1805767
What are the prime factors of 694406?
2, 53, 6551
What are the prime factors of 2239269?
3, 71, 10513
List the prime factors of 5840171.
809, 7219
What are the prime factors of 114876?
2, 3, 3191
What are the prime factors of 5849302?
2, 19, 153929
What are the prime factors of 1038310?
2, 5, 7, 13, 163
List the prime factors of 1077281.
19, 31, 59
What are the prime factors of 2385147?
3, 263, 3023
List the prime factors of 12986.
2, 43, 151
List the prime factors of 1030645.
5, 7, 11, 2677
List the prime factors of 19305442.
2, 13, 227, 3271
What are the prime factors of 186524?
2, 13, 17, 211
List the prime factors of 1088406.
2, 3, 11, 23, 239
List the prime factors of 15455984.
2, 263, 3673
What are the prime factors of 162522?
2, 3, 9029
What are the prime factors of 1789398?
2, 3, 13, 2549
List the prime factors of 198415.
5, 7, 5669
List the prime factors of 84488.
2, 59, 179
What are the prime factors of 432?
2, 3
List the prime factors of 271973.
13, 20921
What are the prime factors of 102073?
103, 991
What are the prime factors of 1680914?
2, 840457
List the prime factors of 2562758.
2, 11, 19, 6131
List the prime factors of 6377122.
2, 19, 283, 593
What are the prime factors of 2513334?
2, 3, 418889
List the prime factors of 1821820.
2, 5, 7, 11, 13
List the prime factors of 308886.
2, 3, 51481
List the prime factors of 291550.
2, 5, 7, 17
List the prime factors of 490.
2, 5, 7
List the prime factors of 207880.
2, 5, 5197
List the prime factors of 8539886.
2, 43, 199, 499
What are the prime factors of 1734730?
2, 5, 173473
List the prime factors of 7212946.
2, 13, 277421
List the prime factors of 1850895.
3, 5, 41131
What are the prime factors of 20728014?
2, 3, 23, 150203
List the prime factors of 1005101.
1005101
What are the prime factors of 579436?
2, 11, 13, 1013
What are the prime factors of 1040290?
2, 5, 23, 4523
What are the prime factors of 87074?
2, 13, 17, 197
What are the prime factors of 198233?
7, 28319
What are the prime factors of 142958?
2, 71479
What are the prime factors of 1154528?
2, 109, 331
List the prime factors of 215607.
3, 7, 10267
List the prime factors of 4691760.
2, 3, 5, 113, 173
List the prime factors of 5641705.
5, 17, 66373
What are the prime factors of 351533?
7, 13, 3863
List the prime factors of 125947.
29, 43, 101
List the prime factors of 10305221.
89, 1301
What are the prime factors of 21356233?
17, 73897
What are the prime factors of 274576?
2, 131
List the prime factors of 8491464.
2, 3, 117937
What are the prime factors of 7906786?
2, 3953393
List the prime factors of 1285723.
23, 55901
What are the prime factors of 13782672?
2, 3, 95713
What are the prime factors of 7277034?
2, 3, 1212839
What are the prime factors of 2137624?
2, 267203
What are the prime factors of 4464026?
2, 7, 419, 761
What are the prime factors of 220699?
220699
What are the prime factors of 92594?
2, 67, 691
What are the prime factors of 1918062?
2, 3, 23, 41, 113
List the prime factors of 108920.
2, 5, 7, 389
What are the prime factors of 11760662?
2, 313, 18787
List the prime factors of 236587.
13, 18199
List the prime factors of 2601507.
3, 23, 37, 1019
What are the prime factors of 762762?
2, 3, 7, 11, 13, 127
List the prime factors of 6898774.
2, 269, 12823
List the prime factors of 347701.
17, 113, 181
List the prime factors of 4364.
2, 1091
What are the prime factors of 43030?
2, 5, 13, 331
What are the prime factors of 11451523?
17, 673619
What are the prime factors of 7456854?
2, 3, 19, 149, 439
List the prime factors of 5241744.
2, 3, 89, 409
List the prime factors of 524531.
7, 74933
List the prime factors of 1564974.
2, 3, 73, 397
What are the prime factors of 439502?
2, 7, 31393
What are the prime factors of 1240885?
5, 248177
Wha